 (base 8) in base 11?
16
What is 2 (base 10) in base 11?
2
114 (base 7) to base 8
74
What is -31 (base 6) in base 2?
-10011
17 (base 10) to base 15
12
What is -1200 (base 3) in base 15?
-30
Convert -1 (base 14) to base 11.
-1
Convert -10 (base 2) to base 6.
-2
Convert 1 (base 15) to base 9.
1
What is -15 (base 14) in base 3?
-201
23 (base 5) to base 6
21
Convert -205 (base 11) to base 15.
-117
4 (base 12) to base 11
4
-5 (base 10) to base 11
-5
Convert -110 (base 2) to base 3.
-20
Convert 239 (base 11) to base 7.
554
What is -13 (base 8) in base 5?
-21
What is -6 (base 16) in base 13?
-6
Convert -10 (base 11) to base 10.
-11
52 (base 6) to base 13
26
What is -10 (base 4) in base 3?
-11
2 (base 9) to base 14
2
-1011 (base 3) to base 7
-43
What is -1100 (base 5) in base 12?
-106
What is 52 (base 12) in base 10?
62
Convert -226 (base 7) to base 10.
-118
Convert 14a (base 11) to base 5.
1200
2 (base 6) to base 13
2
-243 (base 7) to base 2
-10000001
11 (base 2) to base 8
3
-15 (base 6) to base 4
-23
7 (base 10) to base 15
7
What is -31 (base 15) in base 11?
-42
202 (base 3) to base 5
40
Convert -4 (base 9) to base 13.
-4
Convert -140 (base 8) to base 5.
-341
-11 (base 16) to base 2
-10001
-11111 (base 2) to base 8
-37
What is 13d (base 14) in base 9?
308
0 (base 11) to base 10
0
What is 0 (base 9) in base 5?
0
Convert -40 (base 16) to base 10.
-64
What is 3 (base 9) in base 4?
3
-1 (base 10) to base 14
-1
Convert 1 (base 13) to base 5.
1
Convert 112 (base 5) to base 2.
100000
What is -113 (base 4) in base 9?
-25
6 (base 8) to base 15
6
What is 60 (base 13) in base 14?
58
Convert 10 (base 13) to base 4.
31
What is 8 (base 16) in base 7?
11
-48 (base 11) to base 6
-124
What is -8 (base 13) in base 7?
-11
-201 (base 6) to base 15
-4d
Convert -2 (base 3) to base 5.
-2
Convert b (base 12) to base 13.
b
What is 17 (base 13) in base 8?
24
Convert -92 (base 11) to base 2.
-1100101
-1 (base 3) to base 13
-1
Convert 5 (base 8) to base 10.
5
Convert -324 (base 5) to base 6.
-225
Convert -3 (base 14) to base 16.
-3
What is -5 (base 13) in base 14?
-5
Convert 7 (base 14) to base 4.
13
What is -1 (base 7) in base 2?
-1
Convert 19 (base 14) to base 8.
27
What is 304 (base 6) in base 13?
88
What is -40 (base 8) in base 14?
-24
1 (base 11) to base 9
1
30 (base 4) to base 9
13
Convert e1 (base 16) to base 2.
11100001
Convert 1 (base 15) to base 13.
1
What is -16a (base 13) in base 14?
-145
What is -27 (base 10) in base 8?
-33
20 (base 5) to base 6
14
Convert -33 (base 15) to base 5.
-143
Convert a (base 15) to base 7.
13
Convert 4 (base 9) to base 7.
4
Convert 1111 (base 5) to base 7.
312
Convert 21a (base 11) to base 6.
1115
Convert -3 (base 14) to base 13.
-3
-22 (base 8) to base 5
-33
What is -234 (base 5) in base 7?
-126
-20 (base 11) to base 15
-17
What is 3 (base 14) in base 2?
11
What is 3 (base 10) in base 11?
3
Convert 3b (base 13) to base 8.
62
What is -6 (base 10) in base 6?
-10
Convert -10 (base 7) to base 10.
-7
What is 5 (base 14) in base 3?
12
Convert -4 (base 13) to base 4.
-10
Convert 185 (base 10) to base 11.
159
-5 (base 14) to base 13
-5
-430 (base 5) to base 15
-7a
Convert -46 (base 9) to base 8.
-52
1b (base 13) to base 14
1a
-14 (base 12) to base 5
-31
What is -b8 (base 12) in base 16?
-8c
What is 175 (base 8) in base 12?
a5
138 (base 9) to base 10
116
260 (base 11) to base 5
2213
Convert b5 (base 16) to base 9.
221
What is -10112 (base 3) in base 6?
-235
Convert -45 (base 9) to base 15.
-2b
25 (base 16) to base 2
100101
0 (base 10) to base 6
0
What is -a4 (base 16) in base 10?
-164
What is -c (base 13) in base 14?
-c
Convert -5 (base 8) to base 12.
-5
44 (base 7) to base 13
26
Convert -1 (base 5) to base 13.
-1
120 (base 4) to base 15
19
-16 (base 16) to base 15
-17
What is 6 (base 16) in base 12?
6
What is -1 (base 2) in base 12?
-1
What is 0 (base 5) in base 16?
0
1001011 (base 2) to base 12
63
What is 7a (base 16) in base 5?
442
What is 3 (base 4) in base 9?
3
What is -22 (base 10) in base 5?
-42
7 (base 10) to base 16
7
14 (base 11) to base 13
12
What is -4 (base 9) in base 2?
-100
What is 1a (base 15) in base 10?
25
Convert -42 (base 9) to base 5.
-123
Convert -536 (base 7) to base 4.
-10100
Convert 7 (base 10) to base 2.
111
-24 (base 14) to base 7
-44
-21 (base 4) to base 10
-9
-7 (base 8) to base 13
-7
2 (base 5) to base 4
2
-3f (base 16) to base 2
-111111
Convert 48 (base 9) to base 11.
40
Convert -a (base 11) to base 7.
-13
Convert -3011 (base 4) to base 6.
-525
What is -1 (base 11) in base 3?
-1
-131 (base 9) to base 5
-414
-5 (base 13) to base 10
-5
Convert 9 (base 11) to base 4.
21
What is 3 (base 4) in base 9?
3
Convert -24 (base 5) to base 12.
-12
Convert -3 (base 12) to base 14.
-3
What is -212 (base 3) in base 13?
-1a
Convert 1 (base 3) to base 7.
1
304 (base 5) to base 4
1033
Convert 99 (base 10) to base 11.
90
-3 (base 8) to base 9
-3
3 (base 4) to base 7
3
What is 60 (base 11) in base 3?
2110
What is 126 (base 8) in base 3?
10012
3 (base 10) to base 13
3
What is 1001001 (base 2) in base 10?
73
Convert -48 (base 13) to base 4.
-330
What is 4 (base 14) in base 5?
4
Convert 10 (base 8) to base 15.
8
What is 0 (base 12) in base 16?
0
What is 3 (base 13) in base 10?
3
3 (base 8) to base 14
3
Convert 33 (base 13) to base 5.
132
0 (base 16) to base 4
0
What is 49 (base 14) in base 16?
41
Convert -101 (base 8) to base 9.
-72
Convert -4 (base 14) to base 5.
-4
What is 4 (base 14) in base 16?
4
What is 52 (base 8) in base 16?
2a
Convert 186 (base 10) to base 11.
15a
Convert 7 (base 14) to base 2.
111
What is 1100 (base 2) in base 3?
110
Convert 19 (base 14) to base 6.
35
What is 21 (base 3) in base 7?
10
What is -21 (base 10) in base 8?
-25
What is -13 (base 6) in base 10?
-9
-5 (base 13) to base 11
-5
Convert 5 (base 7) to base 13.
5
-2202 (base 3) to base 14
-54
Convert 3 (base 12) to base 6.
3
Convert 0 (base 7) to base 8.
0
24 (base 15) to base 14
26
What is 2b (base 13) in base 6?
101
What is 3 (base 7) in base 14?
3
Convert 7 (base 11) to base 9.
7
What is -b (base 13) in base 5?
-21
What is -10 (base 3) in base 13?
-3
Convert -2 (base 16) to base 6.
-2
Convert f (base 16) to base 15.
10
What is -6 (base 13) in base 6?
-10
What is -3 (base 5) in base 16?
-3
Convert -a0 (base 11) to base 5.
-420
Convert 0 (base 14) to base 5.
0
Convert 35 (base 16) to base 15.
38
What is 22 (base 3) in base 8?
10
Convert 234 (base 5) to base 8.
105
What is 1030 (base 5) in base 13?
aa
-1 (base 15) to base 14
-1
What is -73 (base 8) in base 5?
-214
What is 1e (base 15) in base 2?
11101
What is -14 (base 5) in base 13?
-9
Convert -10 (base 4) to base 2.
-100
What is -15 (base 11) in base 6?
-24
What is 77 (base 10) in base 4?
1031
What is 17c (base 13) in base 3?
101002
155 (base 9) to base 11
10a
What is 6 (base 13) in base 16?
6
What is 3 (base 8) in base 3?
10
6 (base 10) to base 15
6
Convert -11 (base 2) to base 9.
-3
Convert -11 (base 3) to base 2.
-100
-4b (base 12) to base 9
-65
Convert 5 (base 9) to base 15.
5
What is 19 (base 16) in base 6?
41
What is 61 (base 13) in base 12?
67
-98 (base 10) to base 16
-62
Convert 10110101 (base 2) to base 6.
501
f (base 16) to base 9
16
-4 (base 13) to base 9
-4
1210 (base 3) to base 16
30
Convert 1010 (base 6) to base 10.
222
Convert 30 (base 5) to base 16.
f
What is 0 (base 13) in base 15?
0
What is -157 (base 11) in base 16?
-b7
2 (base 5) to base 4
2
-11 (base 3) to base 14
-4
3 (base 16) to base 4
3
-11200 (base 3) to base 12
-a6
c (base 14) to base 11
11
-11110 (base 2) to base 8
-36
Convert -6 (base 9) to base 15.
-6
What is -34 (base 7) in base 4?
-121
What is -110 (base 9) in base 5?
-330
Convert -1000 (base 4) to base 14.
-48
-7 (base 15) to base 13
-7
Convert -3220 (base 4) to base 9.
-277
Convert 166 (base 14) to base 9.
347
33 (base 4) to base 11
14
Convert -49 (base 12) to base 13.
-45
Convert -13 (base 12) to base 4.
-33
Convert 16 (base 15) to base 11.
1a
Convert 4 (base 6) to base 2.
100
Convert -10 (base 2) to base 3.
-2
What is -12 (base 16) in base 2?
-10010
7b (base 12) to base 15
65
What is 110 (base 2) in base 4?
12
103 (base 4) to base 15
14
Convert 2 (base 4) to base 16.
2
What is a6 (base 16) in base 3?
20011
-32 (base 4) to base 7
-20
Convert -20 (base 11) to base 12.
-1